307 is divided by 759.
732
What is the remainder when 573 is divided by 163?
84
What is the remainder when 1555 is divided by 782?
773
Calculate the remainder when 827 is divided by 392.
43
Calculate the remainder when 17920 is divided by 536.
232
What is the remainder when 782031 is divided by 57?
48
Calculate the remainder when 32874 is divided by 274.
268
Calculate the remainder when 312407 is divided by 17355.
17
Calculate the remainder when 6583 is divided by 169.
161
Calculate the remainder when 1349911 is divided by 10.
1
Calculate the remainder when 1816 is divided by 1130.
686
What is the remainder when 18982 is divided by 635?
567
What is the remainder when 384 is divided by 379?
5
Calculate the remainder when 16084 is divided by 16055.
29
Calculate the remainder when 6807 is divided by 138.
45
Calculate the remainder when 225 is divided by 148.
77
What is the remainder when 172054 is divided by 32?
22
Calculate the remainder when 535676 is divided by 270.
266
What is the remainder when 22834 is divided by 13?
6
What is the remainder when 24648 is divided by 1071?
15
Calculate the remainder when 75029 is divided by 847.
493
What is the remainder when 10840 is divided by 2683?
108
Calculate the remainder when 110090 is divided by 218.
0
Calculate the remainder when 15650 is divided by 625.
25
What is the remainder when 5111 is divided by 390?
41
What is the remainder when 12505 is divided by 272?
265
Calculate the remainder when 30871 is divided by 30859.
12
Calculate the remainder when 3767 is divided by 536.
15
What is the remainder when 27455 is divided by 1053?
77
What is the remainder when 1075161 is divided by 22?
21
Calculate the remainder when 2308 is divided by 359.
154
What is the remainder when 3122 is divided by 398?
336
What is the remainder when 463838 is divided by 67?
64
Calculate the remainder when 9818 is divided by 4508.
802
Calculate the remainder when 652436 is divided by 65242.
16
Calculate the remainder when 461810 is divided by 428.
426
Calculate the remainder when 16083 is divided by 502.
19
What is the remainder when 11554 is divided by 5699?
156
Calculate the remainder when 5243 is divided by 5231.
12
What is the remainder when 101143 is divided by 282?
187
What is the remainder when 29757 is divided by 1982?
27
Calculate the remainder when 8660 is divided by 2172.
2144
What is the remainder when 5323 is divided by 71?
69
What is the remainder when 8673 is divided by 331?
67
What is the remainder when 2208534 is divided by 47?
4
Calculate the remainder when 7150 is divided by 5612.
1538
What is the remainder when 783128 is divided by 195780?
8
Calculate the remainder when 16739 is divided by 10.
9
What is the remainder when 32552 is divided by 16261?
30
Calculate the remainder when 1017655 is divided by 420.
415
Calculate the remainder when 1702 is divided by 139.
34
What is the remainder when 27938 is divided by 156?
14
Calculate the remainder when 7540 is divided by 246.
160
Calculate the remainder when 221751 is divided by 110874.
3
What is the remainder when 3331 is divided by 2548?
783
What is the remainder when 5342 is divided by 232?
6
What is the remainder when 543453 is divided by 32?
29
Calculate the remainder when 6169 is divided by 683.
22
What is the remainder when 981 is divided by 475?
31
Calculate the remainder when 19225 is divided by 63.
10
Calculate the remainder when 18037 is divided by 4499.
41
What is the remainder when 3169 is divided by 417?
250
What is the remainder when 2117 is divided by 105?
17
What is the remainder when 37688 is divided by 91?
14
Calculate the remainder when 58948 is divided by 8.
4
Calculate the remainder when 5269 is divided by 1849.
1571
What is the remainder when 6929 is divided by 496?
481
Calculate the remainder when 87749 is divided by 585.
584
Calculate the remainder when 10996 is divided by 3663.
7
Calculate the remainder when 199449 is divided by 199423.
26
What is the remainder when 3156 is divided by 501?
150
What is the remainder when 1321 is divided by 263?
6
Calculate the remainder when 32128 is divided by 6405.
103
Calculate the remainder when 11112 is divided by 1435.
1067
Calculate the remainder when 126412 is divided by 2179.
30
Calculate the remainder when 13418 is divided by 905.
748
Calculate the remainder when 22047 is divided by 1567.
109
What is the remainder when 5028 is divided by 16?
4
What is the remainder when 5905 is divided by 3?
1
What is the remainder when 6171 is divided by 2026?
93
What is the remainder when 14013 is divided by 668?
653
What is the remainder when 4468151 is divided by 8?
7
What is the remainder when 2058 is divided by 381?
153
What is the remainder when 7165 is divided by 2373?
46
Calculate the remainder when 541 is divided by 52.
21
What is the remainder when 235873 is divided by 288?
1
Calculate the remainder when 128 is divided by 1.
0
Calculate the remainder when 585 is divided by 159.
108
Calculate the remainder when 387164 is divided by 41.
1
Calculate the remainder when 404 is divided by 74.
34
Calculate the remainder when 8942 is divided by 68.
34
Calculate the remainder when 26357 is divided by 93.
38
What is the remainder when 6796 is divided by 234?
10
Calculate the remainder when 127009 is divided by 31748.
17
Calculate the remainder when 13462 is divided by 2241.
16
What is the remainder when 1138319 is divided by 216?
215
Calculate the remainder when 713 is divided by 337.
39
What is the remainder when 25968 is divided by 230?
208
What is the remainder when 15129 is divided by 5038?
15
Calculate the remainder when 8830 is divided by 1255.
45
Calculate the remainder when 182589 is divided by 25.
14
What is the remainder when 2217 is divided by 197?
50
Calculate the remainder when 3817 is divided by 251.
52
Calculate the remainder when 123437 is divided by 115.
42
What is the remainder when 7643 is divided by 5980?
1663
What is the remainder when 2522 is divided by 92?
38
Calculate the remainder when 8785 is divided by 2924.
13
Calculate the remainder when 176130 is divided by 35221.
25
Calculate the remainder when 697 is divided by 139.
2
What is the remainder when 27497 is divided by 6873?
5
What is the remainder when 75592 is divided by 41?
29
Calculate the remainder when 5495906 is divided by 70.
66
What is the remainder when 10802 is divided by 148?
146
What is the remainder when 8102 is divided by 126?
38
What is the remainder when 493987 is divided by 1199?
1198
Calculate the remainder when 22373 is divided by 1596.
29
What is the remainder when 5054 is divided by 133?
0
Calculate the remainder when 1866 is divided by 265.
11
Calculate the remainder when 5128 is divided by 535.
313
Calculate the remainder when 30891 is divided by 7.
0
Calculate the remainder when 11050 is divided by 143.
39
What is the remainder when 411235 is divided by 6?
1
Calculate the remainder when 7294 is divided by 3074.
1146
What is the remainder when 9239 is divided by 151?
28
What is the remainder when 116718 is divided by 131?
128
Calculate the remainder when 33047 is divided by 12.
11
What is the remainder when 1739 is divided by 216?
11
Calculate the remainder when 676 is divided by 546.
130
Calculate the remainder when 624623 is divided by 235.
228
Calculate the remainder when 65220 is divided by 2174.
0
Calculate the remainder when 2241 is divided by 440.
41
Calculate the remainder when 3344 is divided by 62.
58
What is the remainder when 32037 is divided by 341?
324
Calculate the remainder when 140 is divided by 1.
0
What is the remainder when 6845 is divided by 59?
1
Calculate the remainder when 61948 is divided by 2581.
4
Calculate the remainder when 20128 is divided by 924.
724
Calculate the remainder when 178219 is divided by 272.
59
Calculate the remainder when 27543 is divided by 17.
3
Calculate the remainder when 3734 is divided by 28.
10
Calculate the remainder when 151855 is divided by 804.
703
Calculate the remainder when 1795 is divided by 1743.
52
Calculate the remainder when 4162 is divided by 247.
210
What is the remainder when 1558 is divided by 72?
46
What is the remainder when 4837 is divided by 2403?
31
What is the remainder when 1144 is divided by 55?
44
What is the remainder when 1595